e factors of z.
2, 233
Let j be 50/(-6) + (-6)/(-18). Let b(d) = -d**2 - 4*d - 7*d - 16 + d + 5. What are the prime factors of b(j)?
5
Let a(x) = 2*x**3 - 3*x**2 - 2*x + 4. Let o be a(3). Let j = -165 + 167. Suppose j*l + o - 73 = 0. What are the prime factors of l?
2, 3
Let r be 1 - (0 + 0) - 180. Let p = 300 + r. What are the prime factors of p?
11
Let u(o) = 12*o**3 - 9*o**2 - 16*o + 2. What are the prime factors of u(8)?
2, 3, 907
Suppose 4*j = 3*p - 54, 2*p = 6*p - 4*j - 72. Suppose p*l = 13*l + 275. List the prime factors of l.
5, 11
Let b(h) = h**3 - 4*h**2 + h - 2. Let k be b(4). Suppose -2 = -l + k. Suppose l*u - 90 = 5*g, 3*g + 26 = u - 0. What are the prime factors of u?
2, 5
Let o = 232 - -221. List the prime factors of o.
3, 151
Let i = 34 + -26. Suppose -i - 19 = 3*a. Let m(t) = -t**3 - 9*t**2 - 4*t + 13. What are the prime factors of m(a)?
7
Suppose -2*v - 161 = -0*y + 5*y, -y = 3*v + 235. Let s = v - -110. List the prime factors of s.
2
Let h(d) = 2*d**3 + d**2 + 2*d. Suppose -w = 2*w + 9. Let s be h(w). Let v = s - -80. List the prime factors of v.
29
Let d = 22 - 22. Suppose -5*q + 8*q - 171 = d. Suppose 5*u - 193 - q = -5*y, 4*y = u - 35. List the prime factors of u.
47
Suppose -4*h = 4, -63 = 2*t - 6*h + h. Let g = t - -32. What are the prime factors of ((-124)/(-6))/(g/(-3))?
31
Suppose -5*h - 5 = -3*o, 4*h = -2*o + 21 - 3. Suppose 5*a + 25 = 0, -35 = 3*k - 2*k + o*a. Let c = 44 + k. List the prime factors of c.
2, 17
Suppose -5*r + 303 = -6*r. Let p = -161 - r. List the prime factors of p.
2, 71
Let n = -3135 - -4766. What are the prime factors of n?
7, 233
Let u(f) = f**2 + 2*f + 3. Let o be u(-6). Let d be -20*-1*o/12. Let m = -23 + d. List the prime factors of m.
2, 11
Let b(n) = -n**2 - 6*n + 6. Let d be b(-6). Suppose -3*p + 27 - d = 0. Suppose 0 = 3*i + p*f - 3*f - 27, -3*i - 3*f = -30. List the prime factors of i.
13
Let j(u) = -u**3 + 15*u**2 + 15*u + 2. Let s be j(16). What are the prime factors of 55/3 - s/21?
19
Let m be (30/9)/(4/6). Suppose -m*z - 8 = 12. List the prime factors of (z/(-6))/((-18)/(-945)).
5, 7
Suppose 6 = -17*y + 18*y. Suppose y = -7*c + 8*c. What are the prime factors of c?
2, 3
Suppose 0*f + f = -4. Let g be 1 - ((-136 - -1) + f). What are the prime factors of 12*(-3 - g/(-15))?
2, 19
Let g be (-7 + 8)/((-1)/(-97)). Let n = 0 + g. List the prime factors of n.
97
Let d be ((-3)/4)/((-1)/4). Suppose -35 = -u - 4*s, d*u - 4*u + 5*s - 10 = 0. List the prime factors of u.
3, 5
Let a = 50 + -15. What are the prime factors of 28*((-150)/a)/(-5)?
2, 3
Let g(o) = o**3 - 16*o**2 + 15*o + 3. Let i be g(15). Suppose -15 = -i*u - 0. List the prime factors of u.
5
Suppose 3*n - 200 = -2*n. Let f = n - -10. What are the prime factors of f?
2, 5
Suppose 0 = -5*t - 2*f + 2350, 2*f + 2*f + 2380 = 5*t. List the prime factors of t/18 + (-48)/(-27) + -2.
2, 13
Let r(z) = -4*z + 28. Let h = -135 + 127. What are the prime factors of r(h)?
2, 3, 5
Let y(g) = g**3 + 13*g**2 + g - 17. Let q be y(-13). Let i be ((-15)/10)/(9/q). Suppose 3*f - f = 5*z + 55, -4*f + 125 = i*z. List the prime factors of f.
2, 3, 5
Suppose 14*h - 13 = 15. Suppose q - 84 = 5*p, 162 = 2*q + p - 28. Suppose 0*i + h*i - q = 0. What are the prime factors of i?
47
Suppose -2*p + 40 = 2*p. Let w = 12 - p. Suppose -6*h = -w*h - 40. What are the prime factors of h?
2, 5
Let r(w) = 4*w + 34. Let j be r(-3). Let x = 210 - j. What are the prime factors of x?
2, 47
Suppose 8*d - 11*d = -1095. Suppose 5*c + d = 5*q, 4*q + 4*c = -q + 347. List the prime factors of q.
71
Let x(z) = -4*z - 10. Let l be x(-3). Suppose l*n - 173 = -r, -n = 1 + 2. What are the prime factors of r?
179
Suppose 2*q + c = 1282, -5*q = -4*c - c - 3220. What are the prime factors of q?
2, 3, 107
Let o(n) = 4*n**3 - 3*n**2 + 5*n - 1. Let h be o(3). Suppose 0 = -s - 10 + h. What are the prime factors of s?
5, 17
What are the prime factors of 4846*(-5 - (-77)/14)?
2423
Let j(r) = -r**3 + 75*r - 30*r**2 + 26 + 12*r**2 - 79*r - 6. List the prime factors of j(-18).
2, 23
Let c be 287 + 3*(-2)/2. Let k = c - 135. List the prime factors of k.
149
List the prime factors of 46/92*(5098 - 0).
2549
Let n = 5 + -5. Suppose 0 = -n*w - 7*w + 21. What are the prime factors of w?
3
Let y(z) = 30*z + 64. List the prime factors of y(13).
2, 227
Suppose 41800 = 42*i - 31*i. List the prime factors of i.
2, 5, 19
Suppose -4*y - 8948 = -4*m, 2*y - 2940 + 694 = -m. List the prime factors of m.
2, 5, 7
Let h(c) = -3*c**2 + 5*c - 3. Suppose r + 12 = 5*r. Let t be h(r). List the prime factors of (95/t)/((-2)/12).
2, 19
Let g(a) = -a**3 + 27*a**2 + 46*a + 16. What are the prime factors of g(27)?
2, 17, 37
Let y(l) = l**2 + 15*l - 183. List the prime factors of y(-33).
3, 137
Suppose 0 = 3*h + 79 + 56. Let j be 5*(-6)/h*3. Suppose -4*m + j*q + 129 = -q, -3*q + 159 = 4*m. What are the prime factors of m?
2, 3
Suppose 36 = i + 3*i. Let v(g) = -i*g + 19*g + 0 + 4. What are the prime factors of v(2)?
2, 3
Let v(t) = 130*t**2 + 2*t - 1. Let a be v(-2). Suppose 6*g + a = g. Let f = g - -159. What are the prime factors of f?
2, 7
Let x be (-629)/(-11) - (-6)/(-33). Let t = 79 + x. List the prime factors of t.
2, 17
Let v(t) = -5*t**2 + 9. Let x be v(-4). Let f = x + 41. Let y = f + 55. List the prime factors of y.
5
Suppose 690 = 4*b - 2*x, -4*x + 159 = -b + 2*b. What are the prime factors of b?
3, 19
Let s(g) = 0*g - 21*g - 37 - 16*g + 8. List the prime factors of s(-5).
2, 3, 13
Suppose 1 = i + 9. What are the prime factors of (-4)/16 + (-178)/i?
2, 11
List the prime factors of ((-1)/2)/(9/(-6444)).
2, 179
Suppose -4*a + 0*c = 3*c - 34, -5*c - 10 = 0. Let l = -6 + a. Suppose l*h - p - 97 = 0, -46 = -3*h - p + 32. List the prime factors of h.
5
List the prime factors of -7 - (2 + -527) - (0 - -3).
5, 103
Let p(y) = -y + 9. Let m be p(10). Let x(n) = -14*n. Let g be x(m). Let c = 37 - g. What are the prime factors of c?
23
What are the prime factors of ((-16)/24)/(4 - 8293/2073)?
2, 691
Suppose -4*k = -3*l - l + 436, -3*l = -k - 117. Let x = -66 - k. List the prime factors of x.
3, 13
Suppose -6*b = -7*b + 1422. List the prime factors of b.
2, 3, 79
Let c be 1/(1 + (-111)/114). Let f = c - -22. What are the prime factors of f?
2, 3, 5
Let i = 5 + -4. Suppose b - i = 2. Suppose b*z - j = 29, j - 6 - 15 = -2*z. What are the prime factors of z?
2, 5
What are the prime factors of 0 + (-2910)/(-8) + 395/316?
5, 73
Let z = -11 + 15. Suppose -2*i = -2*l - 110, 4*l - 31 - z = -i. Suppose 2*x + 17 = i. List the prime factors of x.
17
List the prime factors of (-4)/(-6)*(-4086)/(-12).
227
Let m be (-19)/(-7) - (-10)/35. Suppose -4*y + m*y = -8. Suppose y*a + 60 = 11*a. List the prime factors of a.
2, 5
Let r be (-6)/3 - (1 - -1). Let j be (20/r - -2) + 4. Let i(f) = 72*f**2 + 2*f - 1. What are the prime factors of i(j)?
73
Let l = -2189 - -4156. What are the prime factors of l?
7, 281
Let t be (1 + 0/1)*-6. What are the prime factors of -2*(t - (3 - 1))?
2
Suppose -7*m - 762 = 148. Let u = 215 - m. List the prime factors of u.
3, 5, 23
Let v = 726 - 49. List the prime factors of v.
677
Let l(t) = -t**2 + 84*t - 439. List the prime factors of l(54).
1181
Let m(v) = -v**3 - 4*v + 9. Let r(y) be the first derivative of y**3/3 - y**2/2 + y + 13. Let p(u) = -m(u) + 6*r(u). List the prime factors of p(-4).
37
Let i(u) = u - 17. Let r be i(9). Let f be ((-10)/r - -1)*8. Let y = -14 + f. What are the prime factors of y?
2
Suppose -3*k + 15 = -8*k, 4*k = -5*x - 482. Suppose 6 = -3*n + 429. Let t = x + n. List the prime factors of t.
47
Suppose 4070 - 544 = 41*j. List the prime factors of j.
2, 43
Let b(y) = 6*y**2 + 6*y - 4. Let f(j) = -19*j**2 - 17*j + 11. Let l(w) = -8*b(w) - 3*f(w). List the prime factors of l(2).
41
Suppose -4*k = -4*f + 20, 5*k + 7 = -2*f - 2*f. List the prime factors of (-332)/(-12) + k/(-9).
2, 7
Suppose -35 = 7*f - 7. Let z(o) = 16*o + 3. Let i(p) = -15*p - 4. Let m(d) = 4*i(d) + 3*z(d). List the prime factors of m(f).
41
Let h be (-4)/14 - 6/(-21). Let s(p) = 5*p**2 + 2*p - 1. Let i be s(-3). Suppose h = -0*n - 2*n + i. List the prime factors of n.
19
Let u(o) = 2*o**2 - 2*o - 1. Let h be 4 - (2 - -4) - -1. Let x be u(h). Suppose 19 + 50 = x*v. What are the prime factors of v?
23
Suppose 0 = 2*o + 3*o - 